 List the prime factors of i.
3, 11, 1423
What are the prime factors of (-4 + 1)/((-280)/6580 + (-126434)/(-2977826))?
79, 401
Let s(r) = 60*r**2 - 310 - 68*r + 310. What are the prime factors of s(4)?
2, 43
Let f(b) = 216*b + 15. Let r = -338 - -340. List the prime factors of f(r).
3, 149
Suppose 4*b = 2*a + 3*a + 45998, 57520 = 5*b + 5*a. What are the prime factors of b?
2, 3, 71
Let m = -152 - -152. Suppose 5*p + 4*k - 2189 = m, -2*p - k + 878 = -0*p. What are the prime factors of p?
3, 7
Let d(k) = -581*k + 529. List the prime factors of d(-9).
2, 2879
Let v = -273 + 646. Suppose 642 = 5*x - v. List the prime factors of x.
7, 29
Let h(s) = -3*s**2 + 3*s + 2*s - 34*s - 9 - 21*s. What are the prime factors of h(-9)?
2, 3, 11
Let c be (60/(-18))/(6/(-9)). Suppose 5*t - 20 = -c*t. Let r(i) = 16*i**3. What are the prime factors of r(t)?
2
Let l = -228 - -265. Suppose 3036 = 43*w - l*w. What are the prime factors of w?
2, 11, 23
Let m(z) = 4*z**2 + 47. Let a be m(-32). Suppose -a = -5*u - 988. What are the prime factors of u?
631
Let u(o) = 690*o**2 + 116*o + 3. List the prime factors of u(3).
3
Suppose -3*u = u - 12. Let i be 8*(13/2 + -6). Suppose 247 = 2*w + u*v + 42, -i*w + 2*v + 418 = 0. List the prime factors of w.
2, 13
Suppose -2*f + 8*f = 198. Let h = f - 30. Suppose 5*x = h*g - 218, -3*g + 0*g = -x - 214. What are the prime factors of g?
71
What are the prime factors of 2436/120*-14*-110?
2, 7, 11, 29
Let i be (-98)/(-6) + 38/(-114). Suppose i*n = 24*n - 7968. List the prime factors of n.
2, 3, 83
Suppose -95*i = -100*i + 21560. Suppose -i = -6*b - 8*b. What are the prime factors of b?
2, 7, 11
Let v(p) = -52*p - 130. Let u = 6 - 16. List the prime factors of v(u).
2, 3, 5, 13
Suppose -16*z + 94410 = -41206. What are the prime factors of z?
2, 13, 163
Let o be 1/(-6) - 0 - (-525)/18. Suppose -o*h = -24*h - 100. What are the prime factors of h?
2, 5
Suppose -2*q + 0*q + 4734 = 3*x, -3*x + 3*q = -4749. Suppose -3*a - 4*l + x = 0, -l = -16*a + 13*a + 1555. List the prime factors of a.
2, 5, 13
What are the prime factors of (13509/(-38) - -24)*136/(-12)?
13, 17
Let l be 0/(5/5 + -2) + -3. List the prime factors of (-2 - -3)/(1/(-906)*l).
2, 151
Let b = -18388 - -30669. What are the prime factors of b?
12281
Let m(c) = -c**3 - 15*c**2 + 9*c + 38. Let q be (-1 - (-9 - -2))*(-80)/30. What are the prime factors of m(q)?
2, 3, 5
Suppose 7057 - 6636 = 6*n - 17081. List the prime factors of n.
2917
Let x = 4 - 1. Let h = 13981 - 13362. Suppose -5*n - h = -3*u, 7 = x*n - 5. What are the prime factors of u?
3, 71
What are the prime factors of (17852 + (-5 - -11) - (-6 - -1)) + 1?
2, 7, 11, 29
Let x be 5 + ((-11)/4 - (-2)/(-8)). What are the prime factors of 4572/8 - x/4?
571
Let q = -300 + 206. Suppose -k + j - 3 = 0, 12 = -3*k - k + 5*j. List the prime factors of k/(-1) + (0 - q).
97
Let n = 26233 + 7946. What are the prime factors of n?
3, 11393
List the prime factors of (-64700)/(-16) - 28/(-112).
2, 3, 337
Let g(w) be the first derivative of -w**3/3 + 3*w**2 - 24. Let r be g(6). Suppose -j + 0*j + 4*t = -138, r = -4*j - t + 569. What are the prime factors of j?
2, 71
Let v = -65 - -60. Let g(j) = -48*j + 103. List the prime factors of g(v).
7
Let y be 4/(16/1605) - 22/88. Let o = -39 + y. What are the prime factors of o?
2, 181
Suppose -58*s + 60*s + 8 = 0. Let y be -1 + 96 + (s + 5 - 4). What are the prime factors of y - ((-45)/3)/(-3)?
3, 29
Suppose 0 = 3*y + b + 17, -y + 0*y + 5*b + 5 = 0. Let z = -13 + y. Let k = z + 39. List the prime factors of k.
3, 7
Let c be (-9)/((-18)/8) + 4. Suppose -3*p + a = -c, 2*a = -2*p + 4*p. What are the prime factors of (-4)/(2*p/(-16))?
2
Let a = 7796 - 6722. List the prime factors of a.
2, 3, 179
Let y(z) = z**3 + 7*z**2 + 11*z + 8. Let c be y(-5). Suppose -u - 2377 = -c*l, 0 = -11*u + 16*u + 5. What are the prime factors of l?
2, 3, 11
Let z(d) = -3*d**2 - 10*d + 21. Let s be z(6). Let i(p) = 33*p**2 - 3*p + 15. Let m be i(3). Let b = m + s. What are the prime factors of b?
2, 3, 13
Let n(g) = 4*g**2 + 23*g + 9. Let m be n(-5). Let q(z) be the third derivative of -41*z**4/24 + z**3/6 + 2*z**2. What are the prime factors of q(m)?
13, 19
List the prime factors of (-1248)/((-42)/3969*7).
2, 3, 13
Suppose -5 = 2*g - 3*j, -g - 4*g + 4*j = 2. Let m(v) = 23*v**g - 16*v + 7*v - 14 - 30*v**2 - v**3. List the prime factors of m(-6).
2
Suppose 95*s - 372*s + 946555 = -4402592. List the prime factors of s.
3, 41, 157
Let h = 27668 + -11109. What are the prime factors of h?
29, 571
Suppose -3 = -9*g + 8*g. Let t be -5*(2 + (-39)/15). Suppose 4*q = t*v + 298, 2*q + g*v - 4*v = 148. What are the prime factors of q?
73
Let q(b) = -14*b - 96. Let s be q(-7). Suppose s*i + 2 = 0, m + 2*i = 6*i + 63. List the prime factors of m.
59
Suppose 79 = 4*r - 285. Let g = 84 + r. List the prime factors of g.
5, 7
Let t be 6/2 + -4 + 2 + 57. Let i = 2 + t. List the prime factors of i.
2, 3, 5
Let u = 473 + 39. Suppose v - 3*m - u = 0, v - 2*m = 2*v - 497. What are the prime factors of v?
503
Let n be ((-33)/(-21) - 2) + 5328/84. Suppose -32656 = 11*g - n*g. What are the prime factors of g?
2, 157
Suppose 3*p + 3*r = 4*p, -5*p + 18 = 3*r. Let h be -1*33/44*-4. Suppose p*d - 18 = -h*l, 2*d + d = 5*l + 58. What are the prime factors of d?
11
Let g(a) = 3*a**2 + 21*a - 2. Let l be g(-7). What are the prime factors of (-3)/((l/(-12))/(589/(-38)))?
3, 31
Let d(h) = 253*h - 150. Suppose 23*o - 77 = 84. List the prime factors of d(o).
1621
Let h(p) = p**3 - 12*p**2 - 17*p + 86. Let g be h(13). Suppose -5*c - g + 14 = 0, 1384 = 4*a - 3*c. What are the prime factors of a?
7
Let g = 71 - 62. Suppose g = -2*l + 19. What are the prime factors of ((-1 - -1) + l)/(1/19)?
5, 19
Suppose -33*k + 255*k + 44*k = 5227964. List the prime factors of k.
2, 31, 317
Let o(b) = -b**3 - 18*b**2 - 18*b - 8. Let c be o(-18). Suppose 2*q - c = -0*q. Let a = 286 - q. List the prime factors of a.
2
Suppose 0 = -3*a - 2*u + 15083, 2*a + 24*u = 25*u + 10060. What are the prime factors of a?
47, 107
Suppose 23*c - 21*c = -4, -5*g + c = -28537. List the prime factors of g.
13, 439
Let s = 34 - 30. Suppose 0 = -s*p + 12*p - 856. Let j = p - -167. What are the prime factors of j?
2, 137
Suppose -4*y = 0, -2*q + 2*y = -0*q + 10. Let f be ((-14)/35 - 682/q) + 2. Let t = -41 + f. List the prime factors of t.
97
Suppose 110215 = 4*y - 5*o, 314*y + 4*o = 313*y + 27517. What are the prime factors of y?
5, 7, 787
Suppose -12*m = 34*m - 33902. Suppose 12*u - 3355 = m. What are the prime factors of u?
11, 31
Suppose -2*m + 2*s + 54 = 0, 4*m + 7*s = 4*s + 73. Suppose 2*o + 288 = -m*i + 26*i, 5*i + 5*o = 375. What are the prime factors of i?
73
Let h(f) = -14220*f - 5432. What are the prime factors of h(-4)?
2, 59, 109
Let o(q) = 16*q**2 + 192*q + 58. What are the prime factors of o(-31)?
2, 11, 431
Let z(j) = 199*j + 2300. What are the prime factors of z(7)?
3, 1231
Let t be 1183/(-42) + 2/12. Let b be 3*(-1 + t/(-6)). Suppose -b*q + 692 = -7*q. List the prime factors of q.
173
Suppose -5*u + 2*u = -3*l - 24, 0 = -l - 2. Suppose 1001 = 5*o - 4*w, 0 = -2*o - u*w + 10*w + 410. List the prime factors of o.
197
Let d(o) = 6708*o**2 + 7*o + 1. List the prime factors of d(-1).
2, 3, 1117
Let p = 14374 - 2447. List the prime factors of p.
11927
Let c(w) = 10*w**3 + 47*w**2 - 17*w - 91. List the prime factors of c(10).
3, 4813
Let t = 2307 - 5285. List the prime factors of (5/2)/(-5)*t.
1489
Let r(c) = 3*c**2 - 17*c - 3. Let d be r(-9). Let w = 719 - d. List the prime factors of w.
2, 163
Let s(v) = v**3 - 22*v**2 + 21*v - 641. List the prime factors of s(30).
7, 13, 79
Suppose -q + l + 19 = 2*q, l = 2*q - 14. Suppose -3*n = -5*z + 1781, -q*z - 2*n + 1814 = 43. List the prime factors of z.
5, 71
Suppose -3*d = -9*d - 660. Let f = 85 + d. What are the prime factors of 90/4*((-160)/f + 2)?
3, 7
Suppose 829 = -3*r - 2*i + 51437, 5*i - 25 = 0. List the prime factors of r.
2, 3, 937
Let x be (-1)/4 - 3400/(-32). Let p = -97 + x. Suppose 2275 = p*f + 4*f. List the prime factors of f.
5, 7
Let f(a) = 368*a**2 - 10*a - 103. What are the prime factors of f(8)?
23369
Let z = -17 - 4. Let h = z - -25. Suppose -2*f = -h*j + f + 381, -4*j - 3*f = -363. List the prime factors of j.
3, 31
Let f = -2